. Is i a composite number?
True
Is -1 + -1 + 0 - (44 - 202307) a prime number?
False
Suppose 15*c = 6381 + 245784. Is c a composite number?
False
Suppose -2*k - 5 = -3*z - 3*k, k = -2*z + 2. Let q be 0/(9/z + -4) + 0. Suppose q = p + 2*p + 3*v - 279, 2*p + 4*v - 182 = 0. Is p composite?
True
Let j(q) = 948*q**2 - 4*q + 26. Let s be j(5). Suppose 0 = w + w - l - s, -5*l + 59235 = 5*w. Is w a composite number?
True
Suppose 49*t = 23*t + 567814. Is t a prime number?
True
Let p be (-1)/2 - (-8079)/(-6). Suppose 0 = -6*r + 3*r - 3*y + 6186, -3*y + 8251 = 4*r. Let c = r + p. Is c a prime number?
False
Is (-15)/((-735)/(-28)) + (-3)/21*-615857 a prime number?
False
Is 38966/7 + (-5)/(140/(-12)) prime?
False
Suppose 4*m - 28268 = -2*d, -21*m - 28284 = -25*m + 2*d. Is m composite?
False
Suppose -5*p = -3*u + 2564, 4*p = -0*u - 5*u + 4224. Suppose -3*w + 4 = w, -u = -t - 5*w. Let y = t + -322. Is y a prime number?
True
Suppose 0 = -1326*r + 1321*r + 60. Is 2407/5*(7/(-1) + r) a prime number?
False
Is (-5)/((-45)/4093452) + 1 a prime number?
False
Let x = 167 + -164. Suppose -x*l + 5846 = 4*q, 2*l = -q - 2*q + 3896. Is l composite?
True
Let g be (16650/8)/(-3 + 100/32). Let p = 27051 - g. Is p composite?
True
Let v = -10063 - -15308. Is v composite?
True
Let y(a) = -1288*a - 1723. Is y(-17) a prime number?
True
Suppose -b + 1531 = 2*q, b - 2319 = -3*q + 4*b. Let f = 1885 - q. Is f composite?
False
Let d be (32/6)/(2/(-6)). Let c(t) be the first derivative of 5*t**3/3 + 17*t**2 - 33*t - 3521. Is c(d) a prime number?
False
Suppose -21 = 5*g + 4*t - 2*t, 5*g + t = -18. Is (-91071)/(-63) + -7 + g/(-7) prime?
True
Let u be -1 + 1110/(-5) + -2. Let z = 422 - u. Is z prime?
True
Let i(q) = 675*q - 1738. Is i(39) composite?
True
Let k(h) = h**3 + 2*h**2 - 22*h + 3. Let p be k(9). Let n = p + 47. Is n a prime number?
True
Let d(w) = 33568*w**2 + 152*w - 457. Is d(3) prime?
True
Suppose 0 = -3*u - u - 12. Let n(j) be the first derivative of -1263*j**2/2 - 4*j - 9. Is n(u) a prime number?
False
Let d = 26340 - 12785. Let k = -5432 + d. Suppose s - 1745 = 5*f, -3*f + k - 2924 = 3*s. Is s a prime number?
False
Is (7 - -161306) + (-13 + 11 - 8) composite?
False
Let v(j) = -j - 8. Let w be v(0). Let f(d) = -85*d - 9. Let t be f(w). Let i = 1926 - t. Is i prime?
False
Let h be ((-32)/40)/(1 - (-561)/(-555)). Let m = h + -70. Suppose 6888 = 4*s - m*a, 3*s - 4*s + 1702 = 3*a. Is s prime?
False
Let t be (-46)/92 + (-4754)/(-4). Is t/9 - (-18)/(-6) a composite number?
True
Suppose -365*w - 575*w + 549402740 = 0. Is w prime?
True
Is 15187995/105 + 20 + (8/(-7))/2 prime?
True
Let a be (345434/(-10) + 22/55)/1. Let v = a + 74321. Is v prime?
False
Let l(s) = 5169*s - 923. Is l(18) a composite number?
False
Suppose 5*y = 3*m - 18, 1 = -y + 2*y + 4*m. Let j(d) = 606*d**2 + 3*d - 1. Let o be j(y). Suppose 0 = -4*p - 5*s + 5444, -4*p + o = -2*s - 2*s. Is p prime?
True
Let d(j) = -79555*j + 1921. Is d(-4) composite?
False
Let q = 93 + -91. Let v be 8/6*3/q. Suppose -v*u + 2644 = -0*u. Is u composite?
True
Suppose -6*i - 16827 = -9*i - 2*w, 0 = -w. Let f = i + -946. Is f composite?
False
Let g(d) be the second derivative of -19*d**5/10 + d**4/12 + 7*d**3/3 + 27*d**2/2 - 10*d - 9. Is g(-6) prime?
False
Suppose h + 3*h - j - 154 = 0, 4*j + 122 = 3*h. Suppose -4*a + 108 = -2*w, a = -2*w - 50 - h. Let b = 261 - w. Is b a composite number?
False
Let l = 340253 + -59064. Is l composite?
False
Let v(k) = -7*k**3 + 35*k**2 + 51*k + 424. Is v(-29) composite?
False
Let a(k) = -27*k**3 + 2*k**2 + 6*k - 2. Let i(o) = -27*o**3 + 2*o**2 + 5*o - 1. Let q(l) = -2*a(l) + 3*i(l). Let r be q(-1). Is ((-1516)/6)/((-18)/r) composite?
False
Let y be 34/10 + (-10)/25. Is (-5218)/(y + 0 + -5) a composite number?
False
Suppose 7*w = 4*w + 180. Let c = -56 + w. Let n(h) = 9*h**2 - 3*h + 11. Is n(c) a prime number?
False
Let f be 0*(1 + 6/(-5)) + 6. Is ((-2)/f)/((28/339324)/(-7)) composite?
False
Let k(r) = -64*r**3 + 4*r**2 - 32*r - 887. Is k(-24) a composite number?
True
Let t(q) be the first derivative of -45*q**2 + 11*q - 74. Let a be 3/(-3)*1*24. Is t(a) prime?
False
Let q be (-6)/(-15) - 42/45*-96. Is (-4855)/((-18)/q*(0 + 5)) a prime number?
False
Let d(s) = s**3 - 58*s**2 + 5*s - 1545. Is d(109) prime?
True
Let k(g) = -92*g**3 + 10*g**2 - 52*g - 27. Is k(-8) composite?
True
Is -11857843*16/(-912)*((-17)/(-1) - 2) a prime number?
False
Let a(k) = -k + 3. Let j be a(4). Let d(n) = 2428*n + 1555. Let p be d(-10). Is -3 + p/(-10) + j/2 a composite number?
False
Suppose -260 = -5*z + 90. Suppose 0 = -73*n + z*n + 13641. Is n prime?
True
Let y be -13 + 28 + -7 + 1. Let n be (20/(-6))/((-2)/6). Suppose 179 = -y*i + n*i. Is i composite?
False
Let p be (19/38)/((-3)/6). Is -6*(40236/8*p - 1) a prime number?
False
Let w(z) be the third derivative of 157*z**4/24 + z**3/2 - 254*z**2. Let k = -16 + 30. Is w(k) a composite number?
True
Suppose 17 = -v - 4*h, h + 0*h + 14 = 3*v. Let f(k) be the second derivative of 89*k**3/3 + 7*k**2/2 - 5*k. Is f(v) composite?
False
Suppose 0 = -y - 4*y + 10. Suppose 2*a - y*l + 5*l = 75584, -a + 37801 = -3*l. Is a composite?
True
Let q = 30278 - -1428929. Is q composite?
False
Suppose 0 = 155*a - 67487546 - 1104759. Is a prime?
True
Let b = -110 + 441. Suppose b*w = 325*w + 28932. Is w a composite number?
True
Let z(x) = 14*x**2 + 124*x - 805. Is z(6) a composite number?
False
Suppose -21*n + 39456 = -12*n. Is n/12 + 2 + (-3)/9 composite?
False
Let p(m) = -55*m - 138. Let s be p(25). Let g = 2630 + s. Is g composite?
False
Let x = -12091 + 12085. Let w(q) = 6*q - 11 - 8 - 20*q. Is w(x) a prime number?
False
Suppose 11*l = 69 + 118. Is (-2664)/(-5) + l/85 - 0 a composite number?
True
Is -151377*(-5)/(-30)*-2 a prime number?
True
Let h(u) = 2*u**2 + 7*u + 11. Let q be h(-2). Suppose 49*y - q*y = 39028. Is y a prime number?
True
Let p be (14/3)/((-7)/((-15708)/8)). Let w = p + -2967. Let l = w - -3315. Is l prime?
True
Is (-1110)/666 - 902306/(-3) composite?
True
Let b(a) = a**2 + 6*a + 5. Let r be b(-6). Suppose -r*f = 2*z + 1472, z - 880 = 3*f - z. Let c = f - -587. Is c a prime number?
True
Suppose 0 = 2*f + n - 21805, 0 = -2*f + 50*n - 46*n + 21810. Is f a composite number?
False
Suppose 3*y - s = 9236, 44*y = 43*y + 5*s + 3074. Is y a prime number?
True
Let x(k) = 401722*k + 3213. Is x(2) prime?
True
Suppose 674*u + 5818329 = 773*u. Is u prime?
True
Let t(l) = -366*l + 777. Is t(-11) a prime number?
False
Suppose 3*h = -3, 2*c + h = 7*c - 16. Let w(r) = -174*r - 10. Let o(y) = 175*y + 10. Let v(s) = 3*o(s) + 2*w(s). Is v(c) a composite number?
False
Let a(d) = 171474*d + 2431. Is a(2) a composite number?
False
Suppose 0 = -5*f - 1168 + 15118. Let a = 5027 - f. Is a prime?
True
Is -8*(1 + (-3065104)/128) a composite number?
False
Let g(d) = -71*d + 3. Let x be g(6). Let y be ((-174)/(-8))/(807/(-8608)). Let m = y - x. Is m a composite number?
False
Is (-1 + 11)*1/(-3)*46082181/(-166) composite?
True
Let c be (30/80)/(1/8). Suppose 0 = 9*t - c*t - 44088. Suppose -8*u - t = -12*u. Is u prime?
False
Suppose 3*d + 3*m = 258, -7*d + m = -2*d - 436. Let p = 32 + d. Suppose -383 = -2*t + p. Is t prime?
True
Let f = 30661 + -21747. Is f prime?
False
Let b be 7/35 + 24/5. Let x(o) = o**3 - 2*o**2 + 3*o - 1. Let h be x(2). Suppose 0 = -4*m + h*r - 4*r + 2928, -b*m + 3643 = 3*r. Is m composite?
True
Let t(u) = 6*u + 476*u**2 - 2*u + 29 + 12*u. Is t(-2) a composite number?
False
Let n(q) = -10*q**2 + 35*q + 86. Let j be n(-21). Is ((-2)/(-4)*j)/(43/(-172)) a prime number?
False
Let x(m) = 23*m**2 + 142*m + 281. Is x(36) a composite number?
False
Suppose -c = -4*c + 6. Suppose 2*j + c = 4. Suppose -4*u + 4*v = -2536, -4*v = -5*v + j. Is u composite?
True
Suppose -2*j - 1 = u + 9, -25 = -3*u + 5*j. Suppose u = -5*s + 240 + 1615. Suppose s = h + 4*k, -5*k - 1954 + 533 = -4*h. Is h prime?
True
Let l(d) = -10*d**3 - 9*d**2 - 7*d - 17. Let s be l(-7). Suppose s = 5*c + 2*q, -4*q = -5*c + 2885 + 148. Let m = 1608 - c. Is m composite?
True
Let g be (3/((-6)/(-8)))/(-1). Let s(l) = -4*l - 126. Let y be s(-33). Is -879*(g/y)/2 a composite number?
False
Let o(a) = a - 11. Let t be o(-4). Let w(i) be the second derivative of 5*i**4/12 - i**3/2 - 29*i**2/2 + 18*i + 1. Is w(t) composite?
True
Let g(s